 826020?
True
Does 24 divide 31741?
False
Is 21 a factor of 284603?
False
Is 41 a factor of 335364?
False
Is 123 a factor of 65805?
True
Is 328 a factor of 708480?
True
Does 355 divide 11538522?
False
Is 401 a factor of 212931?
True
Does 29 divide 265875?
False
Does 12 divide 416508?
True
Is 29 a factor of 582609?
False
Does 8 divide 5175131?
False
Is 49 a factor of 12872202?
True
Is 4 a factor of 10125?
False
Is 146 a factor of 96336?
False
Does 3 divide 28469?
False
Is 404536 a multiple of 49?
False
Does 9 divide 707850?
True
Does 372 divide 4234689?
False
Does 8 divide 787343?
False
Is 657710 a multiple of 445?
True
Is 99 a factor of 5933163?
False
Is 21 a factor of 705733?
False
Does 28 divide 777569?
False
Does 40 divide 436216?
False
Does 21 divide 55264?
False
Does 674 divide 5959776?
False
Is 109 a factor of 22673417?
True
Is 712217 a multiple of 223?
False
Does 144 divide 784772?
False
Does 67 divide 67310?
False
Does 84 divide 179089?
False
Does 14 divide 121310?
True
Is 1106 a factor of 1973104?
True
Is 108493 a multiple of 14?
False
Does 48 divide 207408?
True
Is 167 a factor of 16699666?
True
Is 5180618 a multiple of 179?
True
Is 9 a factor of 649224?
True
Is 292 a factor of 1531491?
False
Is 79 a factor of 215591?
True
Is 14 a factor of 156701?
False
Does 684 divide 2071152?
True
Is 154810 a multiple of 137?
True
Does 10 divide 340310?
True
Does 689 divide 13982831?
False
Does 39 divide 21790938?
True
Is 26 a factor of 132080?
True
Is 118 a factor of 2371754?
False
Is 96 a factor of 738733?
False
Does 23 divide 434355?
True
Is 12 a factor of 1356288?
True
Is 3 a factor of 60522?
True
Is 14170 a multiple of 627?
False
Is 240640 a multiple of 64?
True
Is 49 a factor of 240288?
False
Is 284192 a multiple of 214?
True
Is 16 a factor of 6976?
True
Does 4 divide 3322908?
True
Is 37 a factor of 2545489?
True
Does 2 divide 457158?
True
Is 473716 even?
True
Is 1066 a factor of 7528346?
False
Is 20401478 a multiple of 893?
True
Does 28 divide 22008?
True
Is 130 a factor of 1217254?
False
Is 805008 a multiple of 22?
False
Is 3 a factor of 71398?
False
Is 51 a factor of 2425716?
False
Is 59200 a multiple of 320?
True
Does 1588 divide 5298867?
False
Does 619 divide 1354991?
True
Is 151054 a multiple of 11?
False
Is 45396 a multiple of 97?
True
Does 139 divide 2273148?
False
Is 757914 a multiple of 354?
True
Does 323 divide 397443?
False
Is 436639 a multiple of 31?
False
Does 36 divide 9784080?
True
Does 45 divide 563494?
False
Is 86880 a multiple of 15?
True
Is 1240929 a multiple of 797?
True
Does 212 divide 2523860?
True
Is 742 a multiple of 86?
False
Is 1049011 a multiple of 755?
False
Does 44 divide 7271?
False
Is 9 a factor of 32472?
True
Is 107 a factor of 11297916?
True
Is 8 a factor of 1070504?
True
Is 110576 a multiple of 33?
False
Is 35 a factor of 813225?
True
Does 49 divide 303408?
True
Does 4 divide 286019?
False
Is 349 a factor of 157901?
False
Is 1789 a factor of 16063431?
True
Is 592768 a multiple of 32?
True
Is 145 a factor of 329585?
True
Is 5972816 a multiple of 574?
False
Is 1273944 a multiple of 88?
False
Is 40561 a multiple of 220?
False
Is 53 a factor of 27211?
False
Is 3025931 a multiple of 42?
False
Does 95 divide 10545?
True
Is 638572 a multiple of 22?
True
Does 316 divide 1419463?
False
Is 266070 a multiple of 24?
False
Is 4721010 a multiple of 31?
False
Is 1738515 a multiple of 3?
True
Is 3997138 a multiple of 28?
False
Is 50 a factor of 299669?
False
Does 138 divide 2604559?
False
Does 89 divide 92947?
False
Is 119010 a multiple of 31?
False
Is 27 a factor of 427275?
True
Is 649593 a multiple of 3?
True
Is 148 a factor of 1388388?
True
Is 4354571 a multiple of 20?
False
Is 467 a factor of 328301?
True
Is 699896 a multiple of 89?
True
Does 59 divide 107791?
False
Is 6 a factor of 5558664?
True
Is 292960 a multiple of 80?
True
Is 169490 a multiple of 37?
False
Is 568431 a multiple of 569?
True
Is 10804 a multiple of 2?
True
Is 829 a factor of 7087405?
False
Is 93 a factor of 138313?
False
Is 5 a factor of 2304031?
False
Does 15 divide 233083?
False
Is 12 a factor of 307147?
False
Is 52 a factor of 37668?
False
Is 70875 a multiple of 135?
True
Is 1406 a factor of 8274310?
True
Is 68550 a multiple of 6?
True
Is 9 a factor of 385605?
True
Is 2479770 a multiple of 59?
True
Is 15 a factor of 1313912?
False
Is 3432069 a multiple of 33?
False
Is 17 a factor of 217753?
True
Is 21 a factor of 213045?
True
Does 119 divide 529543?
False
Is 10578 a multiple of 129?
True
Is 22 a factor of 122607?
False
Is 3932778 a multiple of 26?
False
Is 36 a factor of 101592?
True
Does 596 divide 1008113?
False
Is 564 a factor of 2250360?
True
Is 111 a factor of 109657?
False
Does 500 divide 848000?
True
Does 19 divide 37962?
True
Is 1229417 a multiple of 6?
False
Is 145 a factor of 30982?
False
Does 1954 divide 15759010?
True
Is 269 a factor of 1459325?
True
Is 5326401 a multiple of 87?
True
Is 381981 a multiple of 96?
False
Is 6119 a multiple of 15?
False
Is 12 a factor of 50057?
False
Is 53 a factor of 2610356?
True
Is 56826 a multiple of 287?
True
Is 20 a factor of 3150780?
True
Is 14 a factor of 2672803?
False
Is 167 a factor of 403472?
True
Is 71598 a multiple of 51?
False
Is 11 a factor of 67925?
True
Is 18350766 a multiple of 258?
True
Is 5289812 a multiple of 65?
False
Does 271 divide 2534802?
False
Is 4318 a multiple of 17?
True
Is 109 a factor of 44690?
True
Does 431 divide 1222316?
True
Is 2018338 a multiple of 14?
True
Is 1130936 a multiple of 746?
True
Is 12 a factor of 2226919?
False
Is 457717 a multiple of 13?
True
Is 68775 a multiple of 94?
False
Does 29 divide 3944192?
False
Does 375 divide 93602?
False
Is 7 a factor of 2905537?
False
Does 5 divide 638753?
False
Is 782089 a multiple of 539?
True
Is 1711924 a multiple of 76?
False
Does 83 divide 77107?
True
Is 10 a factor of 1266960?
True
Is 2868980 a multiple of 10?
True
Is 2271014 a multiple of 15?
False
Is 109005 a multiple of 13?
True
Is 20414429 a multiple of 49?
True
Does 39 divide 59085?
True
Is 56 a factor of 182000?
True
Is 24 a factor of 1144503?
False
Is 17 a factor of 4220641?
True
Does 120 divide 989679?
False
Is 91606 a multiple of 17?
False
Is 69 a factor of 664539?
True
Is 327750 a multiple of 57?
True
Is 113 a factor of 2993228?
False
Is 24 a factor of 98328?
True
Does 2 divide 36870?
True
Does 8 divide 413314?
False
Is 13807 a multiple of 3?
False
Is 214 a factor of 3014155?
False
Does 2 divide 9131?
False
Does 32 divide 223074?
False
Is 8805078 a multiple of 194?
True
Is 781 a multiple of 6?
False
Is 92 a factor of 3426448?
True
Is 7 a factor of 191499?
True
Is 115 a factor of 234830?
True
Is 5528134 a multiple of 101?
True
Is 135740 a multiple of 30?
False
Is 655899 a multiple of 226?
False
Is 147 a factor of 3478141?
False
Is 949841 a multiple of 54?
False
Does 737 divide 3438842?
True
Does 808 divide 11130151?
False
Is 11218256 a multiple of 82?
True
Does 78 divide 39156?
True
Does 116 divide 268656?
True
Does 35 divide 52570?
True
Does 22 divide 6489832?
False
Is 27 a factor of 602208?
True
Does 104 divide 252200?
True
Is 3083850 a multiple of 105?
True
Is 993150 a multiple of 50?
True
Is 277578 a multiple of 93?
False
Is 35572 a multiple of 48?
False
Is 429 a factor of 1869519?
False
Is 5799260 a multiple of 87?
False
Does 193 divide 20218435?
False
Is 12948 a multiple of 52?
True
Does 107 divide 238310?
False
Does 22 divide 8235153?
False
Does 17 divide 292240?
False
Does 13 divide 12705485?
True
Is 16247 a multiple of 23?
False
Does 30 divide 249720?
True
Is 40205 a multiple of 14?
False
Does 89 divide 517013?
False
Is 22 a factor of 4695724?
True
Is 184 a factor of 51709?
False
Is 2158868 a multiple of 34?
False
Is 909 a factor of 1528029?
True
Is 6753806 a multiple of 121?
False
Is 1158373 a multiple of 19?
True
Does 13 divide 111716?
False
Is 11 a factor of 3371555?
True
Does 11 divide 120856?
False
Is 6 a factor of 212322?
True
Is 10786575 a multiple of 809?
False
Is 225062 a multiple of 207?
False
Is 672 a factor of 97440?
True
Does 637 divide 18721113?
False
Does 4 divide 2232663?
False
Is 12 a factor of 85872?
True
Does 278 divide 190708?
True
Is 2 a factor of 334758?
True
Does 14 divide 8446395?
False
Is 6294095 a multiple of 13?
False
Is